e 9?
-285
What is 2 (base 10) in base 2?
10
Convert -58 (base 9) to base 11.
-49
What is -1 (base 7) in base 4?
-1
Convert -c (base 13) to base 4.
-30
What is 2 (base 14) in base 9?
2
2 (base 9) to base 14
2
What is -1110 (base 4) in base 13?
-66
Convert 510 (base 7) to base 10.
252
What is 1100 (base 2) in base 7?
15
What is -a (base 16) in base 12?
-a
What is 2 (base 11) in base 4?
2
Convert -15 (base 16) to base 11.
-1a
What is -1020 (base 3) in base 7?
-45
-6b (base 13) to base 7
-155
What is -5 (base 16) in base 5?
-10
Convert 13 (base 14) to base 11.
16
Convert 6 (base 15) to base 9.
6
-1313 (base 4) to base 2
-1110111
-30 (base 15) to base 2
-101101
Convert 11 (base 9) to base 8.
12
What is 1222 (base 4) in base 3?
10221
31 (base 15) to base 14
34
What is -30 (base 12) in base 4?
-210
What is 3 (base 11) in base 14?
3
10 (base 2) to base 6
2
What is 75 (base 13) in base 9?
116
5 (base 11) to base 3
12
6 (base 13) to base 4
12
What is 1 (base 16) in base 3?
1
What is 1110 (base 2) in base 11?
13
What is -115 (base 8) in base 12?
-65
What is 3 (base 6) in base 13?
3
Convert -1 (base 2) to base 9.
-1
What is 10 (base 12) in base 16?
c
2112 (base 5) to base 13
189
Convert -2 (base 10) to base 12.
-2
-14b (base 12) to base 11
-175
Convert -340 (base 6) to base 10.
-132
-15 (base 15) to base 3
-202
b3 (base 14) to base 2
10011101
12 (base 6) to base 2
1000
Convert -10 (base 3) to base 14.
-3
What is -1 (base 2) in base 10?
-1
Convert -401 (base 6) to base 5.
-1040
30 (base 6) to base 8
22
1 (base 4) to base 15
1
What is 21 (base 12) in base 13?
1c
4 (base 5) to base 10
4
1103 (base 4) to base 5
313
3 (base 7) to base 8
3
What is 1 (base 10) in base 2?
1
What is -106 (base 7) in base 16?
-37
What is -a (base 11) in base 3?
-101
2 (base 3) to base 7
2
0 (base 13) to base 5
0
-1 (base 8) to base 3
-1
What is -101 (base 5) in base 12?
-22
What is -5 (base 10) in base 2?
-101
Convert -1 (base 10) to base 2.
-1
436 (base 8) to base 4
10132
Convert 2 (base 15) to base 13.
2
Convert 111110 (base 2) to base 11.
57
What is 121 (base 12) in base 4?
2221
Convert -11 (base 2) to base 4.
-3
130 (base 5) to base 7
55
What is -3 (base 14) in base 4?
-3
Convert -11 (base 2) to base 11.
-3
What is -7 (base 10) in base 9?
-7
Convert -42 (base 14) to base 10.
-58
What is -101 (base 2) in base 16?
-5
What is 0 (base 2) in base 12?
0
Convert 111011 (base 2) to base 14.
43
3 (base 5) to base 15
3
25 (base 12) to base 14
21
Convert 35 (base 11) to base 5.
123
-309 (base 10) to base 13
-1aa
-168 (base 11) to base 14
-dd
Convert 2 (base 3) to base 10.
2
Convert 2 (base 13) to base 10.
2
What is 14d (base 16) in base 3?
110100
-6 (base 16) to base 14
-6
What is 161 (base 8) in base 16?
71
What is 23 (base 13) in base 11?
27
What is -1a (base 13) in base 11?
-21
What is 6 (base 7) in base 15?
6
Convert -27 (base 8) to base 10.
-23
What is 11001100 (base 2) in base 9?
246
-102 (base 7) to base 12
-43
Convert 1 (base 8) to base 16.
1
Convert -21 (base 10) to base 14.
-17
Convert 10 (base 3) to base 7.
3
Convert 5 (base 16) to base 12.
5
What is -6 (base 11) in base 14?
-6
2 (base 4) to base 2
10
Convert 1 (base 9) to base 6.
1
Convert -2420 (base 5) to base 2.
-101101000
What is 12 (base 4) in base 9?
6
Convert 0 (base 5) to base 15.
0
Convert -2 (base 4) to base 5.
-2
Convert -2 (base 14) to base 8.
-2
15b (base 12) to base 11
186
Convert 1211 (base 4) to base 12.
85
-12 (base 3) to base 5
-10
Convert 9 (base 13) to base 14.
9
What is -a6 (base 13) in base 16?
-88
What is 0 (base 5) in base 4?
0
Convert 0 (base 3) to base 10.
0
What is 2 (base 14) in base 9?
2
Convert 1a (base 12) to base 8.
26
1032 (base 5) to base 12
ba
What is 0 (base 5) in base 4?
0
What is -3 (base 16) in base 7?
-3
Convert 0 (base 3) to base 8.
0
74 (base 10) to base 3
2202
Convert -2 (base 11) to base 16.
-2
What is 24 (base 7) in base 4?
102
Convert 30 (base 5) to base 16.
f
Convert -4 (base 6) to base 11.
-4
Convert 4 (base 5) to base 14.
4
What is -8 (base 9) in base 15?
-8
-2 (base 9) to base 5
-2
Convert 29 (base 13) to base 10.
35
What is 6 (base 7) in base 16?
6
Convert 2 (base 4) to base 8.
2
What is -4 (base 14) in base 15?
-4
Convert -e (base 16) to base 7.
-20
0 (base 2) to base 11
0
Convert 111 (base 2) to base 10.
7
What is -436 (base 7) in base 2?
-11011111
Convert -5 (base 9) to base 15.
-5
What is -5 (base 13) in base 9?
-5
Convert -4 (base 11) to base 10.
-4
-1011101 (base 2) to base 6
-233
What is -141 (base 7) in base 15?
-53
What is -13 (base 14) in base 12?
-15
What is 10 (base 2) in base 11?
2
What is 50 (base 8) in base 2?
101000
Convert -1 (base 6) to base 3.
-1
What is 1201 (base 5) in base 11?
150
-5 (base 9) to base 12
-5
What is 4 (base 13) in base 6?
4
2 (base 9) to base 12
2
What is -26 (base 11) in base 16?
-1c
Convert -8 (base 16) to base 5.
-13
Convert 1100 (base 2) to base 12.
10
25 (base 7) to base 5
34
What is 1 (base 8) in base 14?
1
What is 1 (base 4) in base 14?
1
Convert -6 (base 15) to base 11.
-6
What is -13 (base 5) in base 7?
-11
What is -1 (base 8) in base 9?
-1
What is -e (base 15) in base 8?
-16
135 (base 10) to base 6
343
What is 2 (base 5) in base 16?
2
What is 4 (base 9) in base 12?
4
-3 (base 13) to base 10
-3
What is -10 (base 7) in base 6?
-11
What is -35 (base 10) in base 15?
-25
What is 3 (base 12) in base 3?
10
What is b (base 13) in base 3?
102
What is 1001 (base 2) in base 5?
14
0 (base 8) to base 2
0
Convert -97 (base 16) to base 6.
-411
Convert -2 (base 15) to base 7.
-2
7 (base 9) to base 4
13
Convert -30 (base 6) to base 15.
-13
Convert 0 (base 6) to base 13.
0
-8 (base 15) to base 16
-8
What is 3 (base 15) in base 2?
11
Convert 1101100 (base 2) to base 14.
7a
-1011 (base 3) to base 15
-21
What is 124 (base 6) in base 3?
1221
Convert 140 (base 5) to base 7.
63
2 (base 11) to base 15
2
What is 8 (base 10) in base 12?
8
What is 0 (base 10) in base 7?
0
Convert 10100001 (base 2) to base 7.
320
-a5 (base 16) to base 11
-140
-4 (base 6) to base 12
-4
What is -5 (base 6) in base 8?
-5
What is -2a (base 16) in base 7?
-60
Convert -14 (base 14) to base 12.
-16
100001 (base 2) to base 11
30
Convert 1111 (base 2) to base 11.
14
2 (base 13) to base 15
2
What is 0 (base 13) in base 5?
0
What is -4 (base 5) in base 2?
-100
-10 (base 9) to base 2
-1001
-d (base 16) to base 2
-1101
-3 (base 8) to base 7
-3
Convert -13 (base 7) to base 2.
-1010
1 (base 2) to base 9
1
101 (base 2) to base 15
5
Convert 23 (base 6) to base 10.
15
Convert 20110 (base 3) to base 10.
174
9 (base 16) to base 9
10
What is -3 (base 14) in base 8?
-3
Convert 252 (base 6) to base 2.
1101000
190 (base 10) to base 13
118
-5 (base 7) to base 13
-5
Convert 4 (base 5) to base 9.
4
Convert 11 (base 5) to base 10.
6
1000 (base 2) to base 9
8
Convert -6 (base 11) to base 8.
-6
What is 3 (base 9) in base 8?
3
2 (base 5) to base 3
2
What is 18 (base 16) in base 12?
20
Convert -5 (base 10) to base 14.
-5
Convert -22 (base 10) to base 12.
-1a
What is -3 (base 5) in base 14?
-3
Convert 75 (base 13) to base 16.
60
Convert -1a (base 15) to base 2.
-11001
60 (base 13) to base 8
116
-14 (base 11) to base 15
-10
Convert 3c (base 14) to base 10.
54
Convert -3 (base 11) to base 14.
-3
Convert 165 (base 7) to base 4.
1200
-13a (base 12) to base 15
-ca
Convert -5 (base 7) to base 4.
-11
What is 0 (base 4) in base 12?
0
73 (base 10) to base 14
53
Convert 248 (base 9) to base 7.
413
-226 (base 8) to base 10
-150
What is 11 (base 2) in base 10?
3
What is -4 (base 6) in base 16?
-4
What is 41 (base 6) in base 13?
1c
Convert ed (base 15) to base 8.
337
What is 4 (base 8) in base 12?
4
-121 (base 5) to base 15
-26
Convert -10 (base 2) to base 10.
-2
-22 (base 6) to base 12
-12
What is -46 (base 8) in base 5?
-123
-3 (base 16) to base 2
-11
-111011 (base 2) to base 7
-113
Convert -e (base 16) to base 11.
-13
What is 2 (base 9) in base 6?
2
What is 2 (base 15) in base 6?
2
What is 10 (base 2) in base 10?
2
Convert -12 (base 5) to base 2.
-111
What is 10 (base 2) in base 8?
2
Convert 0 (base 11) to base 10.
0
18 (base 11) to base 2
10011
11100001 (base 2) to base 3
22100
What is 1 (base 7) in base 9?
1
What is 23 (base 5) in base 4?
31
What is -1 (base 12) in base 5?
-1
Convert -5 (base 7) to base 11.
-5
